of 1350?
5
What is the hundreds digit of 6485?
4
What is the tens digit of 10771?
7
What is the thousands digit of 22019?
2
What is the thousands digit of 106096?
6
What is the tens digit of 13?
1
What is the tens digit of 93?
9
What is the thousands digit of 1763?
1
What is the tens digit of 16326?
2
What is the ten thousands digit of 14776?
1
What is the units digit of 1555?
5
What is the units digit of 930?
0
What is the tens digit of 4123?
2
What is the tens digit of 652?
5
What is the tens digit of 7038?
3
What is the hundreds digit of 1535?
5
What is the ten thousands digit of 44812?
4
What is the hundreds digit of 17638?
6
What is the hundreds digit of 510?
5
What is the hundreds digit of 12852?
8
What is the tens digit of 287?
8
What is the tens digit of 12338?
3
What is the hundreds digit of 1525?
5
What is the ten thousands digit of 43651?
4
What is the thousands digit of 7742?
7
What is the hundred thousands digit of 120194?
1
What is the hundreds digit of 3168?
1
What is the hundreds digit of 255?
2
What is the units digit of 64433?
3
What is the hundreds digit of 162?
1
What is the thousands digit of 12399?
2
What is the thousands digit of 5929?
5
What is the tens digit of 6022?
2
What is the thousands digit of 28982?
8
What is the hundreds digit of 975?
9
What is the hundreds digit of 4232?
2
What is the thousands digit of 32662?
2
What is the units digit of 4771?
1
What is the units digit of 2445?
5
What is the tens digit of 1302?
0
What is the thousands digit of 1206?
1
What is the units digit of 43579?
9
What is the units digit of 273?
3
What is the thousands digit of 1397?
1
What is the units digit of 2426?
6
What is the thousands digit of 99694?
9
What is the hundreds digit of 158924?
9
What is the units digit of 91254?
4
What is the tens digit of 9615?
1
What is the units digit of 21392?
2
What is the ten thousands digit of 21343?
2
What is the hundreds digit of 78000?
0
What is the units digit of 17399?
9
What is the tens digit of 1169?
6
What is the hundreds digit of 333?
3
What is the tens digit of 512?
1
What is the units digit of 13639?
9
What is the tens digit of 140?
4
What is the hundreds digit of 1096?
0
What is the thousands digit of 1336?
1
What is the tens digit of 1038?
3
What is the hundreds digit of 1327?
3
What is the hundreds digit of 58787?
7
What is the tens digit of 996?
9
What is the tens digit of 986?
8
What is the hundreds digit of 1480?
4
What is the tens digit of 1494?
9
What is the ten thousands digit of 65914?
6
What is the units digit of 1735?
5
What is the hundreds digit of 453?
4
What is the units digit of 10861?
1
What is the thousands digit of 5968?
5
What is the units digit of 14968?
8
What is the hundreds digit of 18218?
2
What is the hundreds digit of 19331?
3
What is the units digit of 11181?
1
What is the thousands digit of 29095?
9
What is the hundreds digit of 10548?
5
What is the thousands digit of 4733?
4
What is the tens digit of 8752?
5
What is the tens digit of 859?
5
What is the ten thousands digit of 39937?
3
What is the thousands digit of 8059?
8
What is the hundreds digit of 33662?
6
What is the hundreds digit of 13562?
5
What is the thousands digit of 1298?
1
What is the tens digit of 1780?
8
What is the ten thousands digit of 180409?
8
What is the tens digit of 58971?
7
What is the units digit of 4629?
9
What is the tens digit of 11862?
6
What is the hundreds digit of 352?
3
What is the tens digit of 40165?
6
What is the thousands digit of 6425?
6
What is the tens digit of 30954?
5
What is the tens digit of 101?
0
What is the units digit of 3127?
7
What is the thousands digit of 13772?
3
What is the ten thousands digit of 20161?
2
What is the ten thousands digit of 75329?
7
What is the tens digit of 87364?
6
What is the hundreds digit of 251?
2
What is the tens digit of 38211?
1
What is the hundreds digit of 15420?
4
What is the thousands digit of 15228?
5
What is the units digit of 619?
9
What is the hundreds digit of 2677?
6
What is the tens digit of 1683?
8
What is the units digit of 2194?
4
What is the tens digit of 1794?
9
What is the units digit of 2496?
6
What is the thousands digit of 1146?
1
What is the hundreds digit of 5019?
0
What is the hundreds digit of 305?
3
What is the tens digit of 5374?
7
What is the hundreds digit of 47610?
6
What is the thousands digit of 4086?
4
What is the hundreds digit of 18199?
1
What is the ten thousands digit of 13625?
1
What is the hundreds digit of 25878?
8
What is the units digit of 971?
1
What is the units digit of 22756?
6
What is the units digit of 789?
9
What is the hundreds digit of 12577?
5
What is the ten thousands digit of 24480?
2
What is the hundreds digit of 382?
3
What is the tens digit of 1369?
6
What is the thousands digit of 81140?
1
What is the units digit of 17541?
1
What is the tens digit of 1763?
6
What is the hundreds digit of 3171?
1
What is the thousands digit of 1723?
1
What is the hundreds digit of 60343?
3
What is the hundreds digit of 86415?
4
What is the tens digit of 575?
7
What is the thousands digit of 2601?
2
What is the thousands digit of 11584?
1
What is the hundreds digit of 66977?
9
What is the units digit of 63331?
1
What is the thousands digit of 27454?
7
What is the units digit of 32922?
2
What is the hundreds digit of 9182?
1
What is the hundreds digit of 97899?
8
What is the units digit of 84259?
9
What is the hundreds digit of 651?
6
What is the hundreds digit of 130?
1
What is the units digit of 5935?
5
What is the units digit of 4882?
2
What is the tens digit of 843?
4
What is the units digit of 4211?
1
What is the thousands digit of 92384?
2
What is the units digit of 55199?
9
What is the tens digit of 1016?
1
What is the thousands digit of 1094?
1
What is the tens digit of 2814?
1
What is the hundreds digit of 468?
4
What is the hundreds digit of 3720?
7
What is the thousands digit of 5618?
5
What is the hundreds digit of 895?
8
What is the thousands digit of 5731?
5
What is the ten thousands digit of 29911?
2
What is the hundreds digit of 1372?
3
What is the hundreds digit of 603?
6
What is the units digit of 3131?
1
What is the tens digit of 661?
6
What is the hundreds digit of 3404?
4
What is the tens digit of 1129?
2
What is the tens digit of 21506?
0
What is the tens digit of 154?
5
What is the hundreds digit of 26571?
5
What is the tens digit of 1740?
4
What is the ten thousands digit of 51433?
5
What is the units digit of 3815?
5
What is the ten thousands digit of 38298?
3
What is the units digit of 31106?
6
What is the thousands digit of 11076?
1
What is the tens digit of 27?
2
What is the tens digit of 69875?
7
What is the thousands digit of 37055?
7
What is the units digit of 1343?
3
What is the hundreds digit of 1975?
9
What is the hundreds digit of 249?
2
What is the hundreds digit of 3562?
5
What is the ten thousands digit of 12821?
1
What is the ten thousands digit of 42869?
4
What is the tens digit of 694?
9
What is the hundreds digit of 933?
9
What is the units digit of 5357?
7
What is the thousands digit of 87002?
7
What is the hundreds digit of 451?
4
What is the tens digit of 8534?
3
What is the hundreds digit of 167?
1
What is the hundreds digit of 736?
7
What is the tens digit of 742?
4
What is the units digit of 60408?
8
What is the thousands digit of 63583?
3
What is the thousands digit of 10111?
0
What is the units digit of 119140?
0
What is the hundreds digit of 1788?
7
What is the units digit of 50944?
4
What is the units digit of 352?
2
What is the tens digit of 2265?
6
What is the tens digit of 35058?
5
What is the hundreds digit of 167?
1
What is the tens digit of 546?
4
What is the units digit of 295?
5
What is the hundreds digit of 14026?
0
What is the thousands digit of 24530?
4
What is the tens digit of 244?
4
What is the tens digit of 957?
5
What is the units digit of 961?
1
What is the thousands digit of 4326?
4
What is the units digit of 173629?
9
What is the units digit of 60637?
7
What is the hundreds digit of 281?
2
What is the hundreds digit of 3067?
0
What is the units digit of 129199?
9
What is the ten thousands digit of 38181?
3
What is the tens digit of 4528?
2
What is the tens digit of 3164?
6
What is the hundreds digit of 4589?
5
Wha